{"id":6486,"date":"2019-11-12T13:18:13","date_gmt":"2019-11-12T12:18:13","guid":{"rendered":"https:\/\/www.checchiemagli.com\/testimonial\/ana-nunez-portugal\/"},"modified":"2019-11-12T13:18:13","modified_gmt":"2019-11-12T12:18:13","slug":"ana-nunez-portugal","status":"publish","type":"testimonial","link":"https:\/\/www.checchiemagli.com\/en\/testimonial\/ana-nunez-portugal\/","title":{"rendered":"ANA NUNEZ &#8211; Edifresco, Tent\u00fagal (PORTUGAL)"},"content":{"rendered":"<p>\u201cN\u00f3s somos a Edifresco de Tent\u00fagal, Portugal. Trabalhamos em cereais e hort\u00edcolas, fazemos cerca de 20 ha, 7 de hort\u00edcolas para fresco, sobre tudo alfaces, couves e produtos de \u00e9poca.<\/p>\n<p>Alfaces fazemos tudo o ano e \u00e9 o nosso produto \u201ccore\u201d; agora temos uma nova m\u00e1quina Checchi e Magli, nos conhecemos na feira SIMA de Paris, estamos muito satisfeitos e estamos agora a come\u00e7ar as primeiras planta\u00e7\u00f5es de inverno.\u201d<\/p>\n<p>&nbsp;<\/p>\n<p><a href=\"https:\/\/www.checchiemagli.com\/contatti\/\"><strong>Contattaci per maggiori informazioni<\/strong><\/a><\/p>\n<p>[yotuwp type=&#8221;videos&#8221; id=&#8221;ZQWajAd2Oow&#8221;]<\/p>\n<p>[yotuwp type=&#8221;videos&#8221; id=&#8221;uADfz2UijhM&#8221;]<\/p>\n\n\n<div class=\"is-layout-flex wp-block-buttons-is-layout-flex\">\n    \n\n<div>\n        <a class=\"wp-block-button__link wp-element-button\" href=\"https:\/\/www.checchiemagli.com\/contatti\/\">CONTATTACI<\/a>\n    <\/div>\n\n<\/div>\n\n\n\n<figure class=\"wp-block-gallery has-nested-images columns-default is-cropped wp-block-gallery-1 is-layout-flex wp-block-gallery-is-layout-flex\">\n<figure class=\"wp-block-image size-large\"><a href=\"https:\/\/www.checchiemagli.com\/wp-content\/uploads\/2025\/04\/IMG_1364-_web.jpg\"><img decoding=\"async\" data-id=\"10014\" src=\"https:\/\/www.checchiemagli.com\/wp-content\/uploads\/2025\/04\/IMG_1364-_web.jpg\" alt=\" class=\" class=\"wp-image-10014\"\/><\/a><\/figure>\n\n\n\n<figure class=\"wp-block-image size-large\"><a href=\"https:\/\/www.checchiemagli.com\/wp-content\/uploads\/2025\/04\/IMG_1370-_web.jpg\"><img decoding=\"async\" data-id=\"10008\" src=\"https:\/\/www.checchiemagli.com\/wp-content\/uploads\/2025\/04\/IMG_1370-_web.jpg\" alt=\" class=\" class=\"wp-image-10008\"\/><\/a><\/figure>\n\n\n\n<figure class=\"wp-block-image size-large\"><a href=\"https:\/\/www.checchiemagli.com\/wp-content\/uploads\/2025\/04\/IMG_1368-_web.jpg\"><img decoding=\"async\" data-id=\"10020\" src=\"https:\/\/www.checchiemagli.com\/wp-content\/uploads\/2025\/04\/IMG_1368-_web.jpg\" alt=\" class=\" class=\"wp-image-10020\"\/><\/a><\/figure>\n<\/figure>\n","protected":false},"excerpt":{"rendered":"<p>\u201cN\u00f3s somos a Edifresco de Tent\u00fagal, Portugal. Trabalhamos em cereais e hort\u00edcolas, fazemos cerca de 20 ha, 7 de hort\u00edcolas para fresco, sobre tudo alfaces, couves e produtos de \u00e9poca. Alfaces fazemos tudo o ano e \u00e9 o nosso produto \u201ccore\u201d; agora temos uma nova m\u00e1quina Checchi e Magli, nos conhecemos na feira SIMA de&#8230;<\/p>\n","protected":false},"author":1,"featured_media":4421,"menu_order":11,"template":"","format":"standard","meta":{"_acf_changed":false,"_gspb_post_css":"","_kad_post_transparent":"","_kad_post_title":"","_kad_post_layout":"","_kad_post_sidebar_id":"","_kad_post_content_style":"","_kad_post_vertical_padding":"","_kad_post_feature":"","_kad_post_feature_position":"","_kad_post_header":false,"_kad_post_footer":false,"_kad_post_classname":"","footnotes":""},"class_list":["post-6486","testimonial","type-testimonial","status-publish","format-standard","has-post-thumbnail","hentry"],"acf":[],"yoast_head":"<!-- This site is optimized with the Yoast SEO plugin v27.2 - https:\/\/yoast.com\/product\/yoast-seo-wordpress\/ -->\n<title>ANA NUNEZ - Edifresco, Tent\u00fagal (PORTUGAL) - Checchi e Magli<\/title>\n<meta name=\"robots\" content=\"noindex, follow\" \/>\n<meta property=\"og:locale\" content=\"en_US\" \/>\n<meta property=\"og:type\" content=\"article\" \/>\n<meta property=\"og:title\" content=\"ANA NUNEZ - Edifresco, Tent\u00fagal (PORTUGAL) - Checchi e Magli\" \/>\n<meta property=\"og:description\" content=\"\u201cN\u00f3s somos a Edifresco de Tent\u00fagal, Portugal. Trabalhamos em cereais e hort\u00edcolas, fazemos cerca de 20 ha, 7 de hort\u00edcolas para fresco, sobre tudo alfaces, couves e produtos de \u00e9poca. Alfaces fazemos tudo o ano e \u00e9 o nosso produto \u201ccore\u201d; agora temos uma nova m\u00e1quina Checchi e Magli, nos conhecemos na feira SIMA de...\" \/>\n<meta property=\"og:url\" content=\"https:\/\/www.checchiemagli.com\/en\/testimonial\/ana-nunez-portugal\/\" \/>\n<meta property=\"og:site_name\" content=\"Checchi e Magli\" \/>\n<meta property=\"article:publisher\" content=\"https:\/\/www.facebook.com\/checchiemagli\/\" \/>\n<meta property=\"og:image\" content=\"https:\/\/www.checchiemagli.com\/wp-content\/uploads\/2025\/04\/EDIFRESCO_miniatura.jpg\" \/>\n\t<meta property=\"og:image:width\" content=\"960\" \/>\n\t<meta property=\"og:image:height\" content=\"540\" \/>\n\t<meta property=\"og:image:type\" content=\"image\/jpeg\" \/>\n<meta name=\"twitter:card\" content=\"summary_large_image\" \/>\n<meta name=\"twitter:site\" content=\"@checchiemagli\" \/>\n<meta name=\"twitter:label1\" content=\"Est. reading time\" \/>\n\t<meta name=\"twitter:data1\" content=\"2 minutes\" \/>\n<!-- \/ Yoast SEO plugin. -->","yoast_head_json":{"title":"ANA NUNEZ - Edifresco, Tent\u00fagal (PORTUGAL) - Checchi e Magli","robots":{"index":"noindex","follow":"follow"},"og_locale":"en_US","og_type":"article","og_title":"ANA NUNEZ - Edifresco, Tent\u00fagal (PORTUGAL) - Checchi e Magli","og_description":"\u201cN\u00f3s somos a Edifresco de Tent\u00fagal, Portugal. Trabalhamos em cereais e hort\u00edcolas, fazemos cerca de 20 ha, 7 de hort\u00edcolas para fresco, sobre tudo alfaces, couves e produtos de \u00e9poca. Alfaces fazemos tudo o ano e \u00e9 o nosso produto \u201ccore\u201d; agora temos uma nova m\u00e1quina Checchi e Magli, nos conhecemos na feira SIMA de...","og_url":"https:\/\/www.checchiemagli.com\/en\/testimonial\/ana-nunez-portugal\/","og_site_name":"Checchi e Magli","article_publisher":"https:\/\/www.facebook.com\/checchiemagli\/","og_image":[{"width":960,"height":540,"url":"https:\/\/www.checchiemagli.com\/wp-content\/uploads\/2025\/04\/EDIFRESCO_miniatura.jpg","type":"image\/jpeg"}],"twitter_card":"summary_large_image","twitter_site":"@checchiemagli","twitter_misc":{"Est. reading time":"2 minutes"},"schema":{"@context":"https:\/\/schema.org","@graph":[{"@type":"WebPage","@id":"https:\/\/www.checchiemagli.com\/en\/testimonial\/ana-nunez-portugal\/","url":"https:\/\/www.checchiemagli.com\/en\/testimonial\/ana-nunez-portugal\/","name":"ANA NUNEZ - Edifresco, Tent\u00fagal (PORTUGAL) - Checchi e Magli","isPartOf":{"@id":"https:\/\/www.checchiemagli.com\/en\/#website"},"primaryImageOfPage":{"@id":"https:\/\/www.checchiemagli.com\/en\/testimonial\/ana-nunez-portugal\/#primaryimage"},"image":{"@id":"https:\/\/www.checchiemagli.com\/en\/testimonial\/ana-nunez-portugal\/#primaryimage"},"thumbnailUrl":"https:\/\/www.checchiemagli.com\/wp-content\/uploads\/2025\/04\/EDIFRESCO_miniatura.jpg","datePublished":"2019-11-12T12:18:13+00:00","breadcrumb":{"@id":"https:\/\/www.checchiemagli.com\/en\/testimonial\/ana-nunez-portugal\/#breadcrumb"},"inLanguage":"en-US","potentialAction":[{"@type":"ReadAction","target":["https:\/\/www.checchiemagli.com\/en\/testimonial\/ana-nunez-portugal\/"]}]},{"@type":"ImageObject","inLanguage":"en-US","@id":"https:\/\/www.checchiemagli.com\/en\/testimonial\/ana-nunez-portugal\/#primaryimage","url":"https:\/\/www.checchiemagli.com\/wp-content\/uploads\/2025\/04\/EDIFRESCO_miniatura.jpg","contentUrl":"https:\/\/www.checchiemagli.com\/wp-content\/uploads\/2025\/04\/EDIFRESCO_miniatura.jpg","width":960,"height":540},{"@type":"BreadcrumbList","@id":"https:\/\/www.checchiemagli.com\/en\/testimonial\/ana-nunez-portugal\/#breadcrumb","itemListElement":[{"@type":"ListItem","position":1,"name":"Home","item":"https:\/\/www.checchiemagli.com\/en\/"},{"@type":"ListItem","position":2,"name":"Testimonial","item":"https:\/\/www.checchiemagli.com\/en\/testimonial\/"},{"@type":"ListItem","position":3,"name":"ANA NUNEZ &#8211; Edifresco, Tent\u00fagal (PORTUGAL)"}]},{"@type":"WebSite","@id":"https:\/\/www.checchiemagli.com\/en\/#website","url":"https:\/\/www.checchiemagli.com\/en\/","name":"Checchi&Magli","description":"Checchi e Magli DEV","publisher":{"@id":"https:\/\/www.checchiemagli.com\/en\/#organization"},"potentialAction":[{"@type":"SearchAction","target":{"@type":"EntryPoint","urlTemplate":"https:\/\/www.checchiemagli.com\/en\/?s={search_term_string}"},"query-input":{"@type":"PropertyValueSpecification","valueRequired":true,"valueName":"search_term_string"}}],"inLanguage":"en-US"},{"@type":"Organization","@id":"https:\/\/www.checchiemagli.com\/en\/#organization","name":"Checchi&Magli","url":"https:\/\/www.checchiemagli.com\/en\/","logo":{"@type":"ImageObject","inLanguage":"en-US","@id":"https:\/\/www.checchiemagli.com\/en\/#\/schema\/logo\/image\/","url":"https:\/\/www.checchiemagli.com\/wp-content\/uploads\/2025\/03\/logo.png","contentUrl":"https:\/\/www.checchiemagli.com\/wp-content\/uploads\/2025\/03\/logo.png","width":633,"height":149,"caption":"Checchi&Magli"},"image":{"@id":"https:\/\/www.checchiemagli.com\/en\/#\/schema\/logo\/image\/"},"sameAs":["https:\/\/www.facebook.com\/checchiemagli\/","https:\/\/x.com\/checchiemagli","https:\/\/www.youtube.com\/user\/checchiemagli","https:\/\/www.instagram.com\/checchiemagli\/","https:\/\/www.linkedin.com\/company\/checchiemagli\/"]}]}},"_links":{"self":[{"href":"https:\/\/www.checchiemagli.com\/en\/wp-json\/wp\/v2\/testimonial\/6486","targetHints":{"allow":["GET"]}}],"collection":[{"href":"https:\/\/www.checchiemagli.com\/en\/wp-json\/wp\/v2\/testimonial"}],"about":[{"href":"https:\/\/www.checchiemagli.com\/en\/wp-json\/wp\/v2\/types\/testimonial"}],"author":[{"embeddable":true,"href":"https:\/\/www.checchiemagli.com\/en\/wp-json\/wp\/v2\/users\/1"}],"version-history":[{"count":0,"href":"https:\/\/www.checchiemagli.com\/en\/wp-json\/wp\/v2\/testimonial\/6486\/revisions"}],"wp:featuredmedia":[{"embeddable":true,"href":"https:\/\/www.checchiemagli.com\/en\/wp-json\/wp\/v2\/media\/4421"}],"wp:attachment":[{"href":"https:\/\/www.checchiemagli.com\/en\/wp-json\/wp\/v2\/media?parent=6486"}],"curies":[{"name":"wp","href":"https:\/\/api.w.org\/{rel}","templated":true}]}}

ANA NUNEZ &#8211; Edifresco, Tentúgal (PORTUGAL)

<p>“Nós somos a Edifresco de Tentúgal, Portugal. Trabalhamos em cereais e hortícolas, fazemos cerca de 20 ha, 7 de hortícolas para fresco, sobre tudo alfaces, couves e produtos de época.</p>
<p>Alfaces fazemos tudo o ano e é o nosso produto “core”; agora temos uma nova máquina Checchi e Magli, nos conhecemos na feira SIMA de Paris, estamos muito satisfeitos e estamos agora a começar as primeiras plantações de inverno.”</p>
<p>&nbsp;</p>
<p><a href="https://www.checchiemagli.com/contatti/"><strong>Contattaci per maggiori informazioni</strong></a></p>
<p>[yotuwp type=&#8221;videos&#8221; id=&#8221;ZQWajAd2Oow&#8221;]</p>
<p>[yotuwp type=&#8221;videos&#8221; id=&#8221;uADfz2UijhM&#8221;]</p>


<div class="is-layout-flex wp-block-buttons-is-layout-flex">
    

<div>
        <a class="wp-block-button__link wp-element-button" href="https://www.checchiemagli.com/contatti/">CONTATTACI</a>
    </div>

</div>



<figure class="wp-block-gallery has-nested-images columns-default is-cropped wp-block-gallery-1 is-layout-flex wp-block-gallery-is-layout-flex">
<figure class="wp-block-image size-large"><a href="https://www.checchiemagli.com/wp-content/uploads/2025/04/IMG_1364-_web.jpg"><img decoding="async" data-id="10014" src="https://www.checchiemagli.com/wp-content/uploads/2025/04/IMG_1364-_web.jpg" alt=" class=" class="wp-image-10014"/></a></figure>



<figure class="wp-block-image size-large"><a href="https://www.checchiemagli.com/wp-content/uploads/2025/04/IMG_1370-_web.jpg"><img decoding="async" data-id="10008" src="https://www.checchiemagli.com/wp-content/uploads/2025/04/IMG_1370-_web.jpg" alt=" class=" class="wp-image-10008"/></a></figure>



<figure class="wp-block-image size-large"><a href="https://www.checchiemagli.com/wp-content/uploads/2025/04/IMG_1368-_web.jpg"><img decoding="async" data-id="10020" src="https://www.checchiemagli.com/wp-content/uploads/2025/04/IMG_1368-_web.jpg" alt=" class=" class="wp-image-10020"/></a></figure>
</figure>

<p>“Nós somos a Edifresco de Tentúgal, Portugal. Trabalhamos em cereais e hortícolas, fazemos cerca de 20 ha, 7 de hortícolas para fresco, sobre tudo alfaces, couves e produtos de época. Alfaces fazemos tudo o ano e é o nosso produto “core”; agora temos uma nova máquina Checchi e Magli, nos conhecemos na feira SIMA de&#8230;</p>

<!-- This site is optimized with the Yoast SEO plugin v27.2 - https://yoast.com/product/yoast-seo-wordpress/ -->
<title>ANA NUNEZ - Edifresco, Tentúgal (PORTUGAL) - Checchi e Magli</title>
<meta name="robots" content="noindex, follow" />
<meta property="og:locale" content="en_US" />
<meta property="og:type" content="article" />
<meta property="og:title" content="ANA NUNEZ - Edifresco, Tentúgal (PORTUGAL) - Checchi e Magli" />
<meta property="og:description" content="“Nós somos a Edifresco de Tentúgal, Portugal. Trabalhamos em cereais e hortícolas, fazemos cerca de 20 ha, 7 de hortícolas para fresco, sobre tudo alfaces, couves e produtos de época. Alfaces fazemos tudo o ano e é o nosso produto “core”; agora temos uma nova máquina Checchi e Magli, nos conhecemos na feira SIMA de..." />
<meta property="og:url" content="https://www.checchiemagli.com/en/testimonial/ana-nunez-portugal/" />
<meta property="og:site_name" content="Checchi e Magli" />
<meta property="article:publisher" content="https://www.facebook.com/checchiemagli/" />
<meta property="og:image" content="https://www.checchiemagli.com/wp-content/uploads/2025/04/EDIFRESCO_miniatura.jpg" />
	<meta property="og:image:width" content="960" />
	<meta property="og:image:height" content="540" />
	<meta property="og:image:type" content="image/jpeg" />
<meta name="twitter:card" content="summary_large_image" />
<meta name="twitter:site" content="@checchiemagli" />
<meta name="twitter:label1" content="Est. reading time" />
	<meta name="twitter:data1" content="2 minutes" />
<!-- / Yoast SEO plugin. -->

ANA NUNEZ - Edifresco, Tentúgal (PORTUGAL) - Checchi e Magli

“Nós somos a Edifresco de Tentúgal, Portugal. Trabalhamos em cereais e hortícolas, fazemos cerca de 20 ha, 7 de hortícolas para fresco, sobre tudo alfaces, couves e produtos de época. Alfaces fazemos tudo o ano e é o nosso produto “core”; agora temos uma nova máquina Checchi e Magli, nos conhecemos na feira SIMA de...
